{"id":86,"date":"2016-07-30T14:46:30","date_gmt":"2016-07-30T17:46:30","guid":{"rendered":"http:\/\/arquitetocaio.com\/wpcp\/?page_id=86"},"modified":"2017-08-21T22:18:50","modified_gmt":"2017-08-22T01:18:50","slug":"projeto-de-iluminacao-residencial-e-comercial","status":"publish","type":"page","link":"https:\/\/arquitetocaio.com\/wpcp\/projeto-de-iluminacao-residencial-e-comercial\/","title":{"rendered":"Ilumina\u00e7\u00e3o"},"content":{"rendered":"<h1>Projeto de Ilumina\u00e7\u00e3o Residencial e Comercial<\/h1>\n<h2>Projeto Luminot\u00e9cnico<\/h2>\n<p>Projeto de Ilumina\u00e7\u00e3o Residencial e Comercial Luminot\u00e9cnica\u00a0residencial campinas limeira, conhe\u00e7a mais de 1000 projetos de ilumina\u00e7\u00e3o<\/p>\n<p>Economizar com ilumina\u00e7\u00e3o, Projeto de ilumina\u00e7\u00e3o Residencial e Comercial decorativa, ilumina\u00e7\u00e3o funcional, ilumina\u00e7\u00e3o LED<\/p>\n<pre><a class=\"Projeto de Ilumina\u00e7\u00e3o Residencial e Comercial\" style=\"font-family: Georgia, 'Times New Roman', 'Bitstream Charter', Times, serif;\" href=\"http:\/\/arquitetocaio.com.br\/projetos-arquitetura-residencial-arquiteto-corporativo-arquitetura-comercial-campinas-limeira\/\" target=\"_blank\" rel=\"Projeto de Ilumina\u00e7\u00e3o Residencial e Comercial noopener\"><img loading=\"lazy\" decoding=\"async\" class=\"Projeto de Ilumina\u00e7\u00e3o Residencial e Comercial alignnone wp-image-2894 size-medium\" title=\"Projeto de Ilumina\u00e7\u00e3o Residencial e Comercial\" src=\"http:\/\/arquitetocaio.com\/wpcp\/wp-content\/uploads\/2017\/03\/fotos-projeto-agencia-viagem-campinas-design-interiores-ambiente-comercial-12-684x513.jpg\" alt=\"fotos projeto agencia viagem campinas design interiores ambiente comercial\" width=\"684\" height=\"513\" srcset=\"https:\/\/arquitetocaio.com\/wpcp\/wp-content\/uploads\/2017\/03\/fotos-projeto-agencia-viagem-campinas-design-interiores-ambiente-comercial-12-684x513.jpg 684w, https:\/\/arquitetocaio.com\/wpcp\/wp-content\/uploads\/2017\/03\/fotos-projeto-agencia-viagem-campinas-design-interiores-ambiente-comercial-12-768x576.jpg 768w, https:\/\/arquitetocaio.com\/wpcp\/wp-content\/uploads\/2017\/03\/fotos-projeto-agencia-viagem-campinas-design-interiores-ambiente-comercial-12-370x277.jpg 370w, https:\/\/arquitetocaio.com\/wpcp\/wp-content\/uploads\/2017\/03\/fotos-projeto-agencia-viagem-campinas-design-interiores-ambiente-comercial-12-160x120.jpg 160w, https:\/\/arquitetocaio.com\/wpcp\/wp-content\/uploads\/2017\/03\/fotos-projeto-agencia-viagem-campinas-design-interiores-ambiente-comercial-12-733x550.jpg 733w, https:\/\/arquitetocaio.com\/wpcp\/wp-content\/uploads\/2017\/03\/fotos-projeto-agencia-viagem-campinas-design-interiores-ambiente-comercial-12.jpg 960w\" sizes=\"(max-width: 684px) 100vw, 684px\" \/><\/a><\/pre>\n<p>fotos projeto agencia viagem campinas design interiores ambiente comercialCalculo Luminot\u00e9cnico para Ambientes Comerciais e Industriais.<\/p>\n<p>Projeto Luminot\u00e9cnico para Academia em Campinas.<\/p>\n<p>Projetos de Ilumina\u00e7\u00e3o para destacar o seu neg\u00f3cio.<\/p>\n<p>Um bom projeto de ilumina\u00e7\u00e3o proporciona conforto e bem estar para os usu\u00e1rios do seu comercio, academia, e tudo mais.<\/p>\n<p>Consulte nosso portf\u00f3lio de projetos e conhe\u00e7a um pouco mais do nosso trabalho para entender como podemos lhe ajudar.<\/p>\n","protected":false},"excerpt":{"rendered":"<p>Projeto de Ilumina\u00e7\u00e3o Residencial e Comercial Projeto Luminot\u00e9cnico Projeto de Ilumina\u00e7\u00e3o Residencial e Comercial Luminot\u00e9cnica\u00a0residencial campinas limeira, conhe\u00e7a mais de 1000 projetos de ilumina\u00e7\u00e3o Economizar com ilumina\u00e7\u00e3o, Projeto de ilumina\u00e7\u00e3o Residencial e Comercial decorativa, ilumina\u00e7\u00e3o funcional, ilumina\u00e7\u00e3o LED fotos projeto agencia viagem campinas design interiores ambiente comercialCalculo Luminot\u00e9cnico para Ambientes Comerciais e Industriais. Projeto Luminot\u00e9cnico para Academia em Campinas. Projetos&#8230;<\/p>\n","protected":false},"author":2,"featured_media":0,"parent":0,"menu_order":0,"comment_status":"closed","ping_status":"closed","template":"templ-portfolio-five.php","meta":{"footnotes":""},"_links":{"self":[{"href":"https:\/\/arquitetocaio.com\/wpcp\/wp-json\/wp\/v2\/pages\/86"}],"collection":[{"href":"https:\/\/arquitetocaio.com\/wpcp\/wp-json\/wp\/v2\/pages"}],"about":[{"href":"https:\/\/arquitetocaio.com\/wpcp\/wp-json\/wp\/v2\/types\/page"}],"author":[{"embeddable":true,"href":"https:\/\/arquitetocaio.com\/wpcp\/wp-json\/wp\/v2\/users\/2"}],"replies":[{"embeddable":true,"href":"https:\/\/arquitetocaio.com\/wpcp\/wp-json\/wp\/v2\/comments?post=86"}],"version-history":[{"count":7,"href":"https:\/\/arquitetocaio.com\/wpcp\/wp-json\/wp\/v2\/pages\/86\/revisions"}],"predecessor-version":[{"id":3771,"href":"https:\/\/arquitetocaio.com\/wpcp\/wp-json\/wp\/v2\/pages\/86\/revisions\/3771"}],"wp:attachment":[{"href":"https:\/\/arquitetocaio.com\/wpcp\/wp-json\/wp\/v2\/media?parent=86"}],"curies":[{"name":"wp","href":"https:\/\/api.w.org\/{rel}","templated":true}]}}

Iluminação

<h1>Projeto de Iluminação Residencial e Comercial</h1>
<h2>Projeto Luminotécnico</h2>
<p>Projeto de Iluminação Residencial e Comercial Luminotécnica residencial campinas limeira, conheça mais de 1000 projetos de iluminação</p>
<p>Economizar com iluminação, Projeto de iluminação Residencial e Comercial decorativa, iluminação funcional, iluminação LED</p>
<pre><a class="Projeto de Iluminação Residencial e Comercial" style="font-family: Georgia, 'Times New Roman', 'Bitstream Charter', Times, serif;" href="http://arquitetocaio.com.br/projetos-arquitetura-residencial-arquiteto-corporativo-arquitetura-comercial-campinas-limeira/" target="_blank" rel="Projeto de Iluminação Residencial e Comercial noopener"><img loading="lazy" decoding="async" class="Projeto de Iluminação Residencial e Comercial alignnone wp-image-2894 size-medium" title="Projeto de Iluminação Residencial e Comercial" src="http://arquitetocaio.com/wpcp/wp-content/uploads/2017/03/fotos-projeto-agencia-viagem-campinas-design-interiores-ambiente-comercial-12-684x513.jpg" alt="fotos projeto agencia viagem campinas design interiores ambiente comercial" width="684" height="513" srcset="https://arquitetocaio.com/wpcp/wp-content/uploads/2017/03/fotos-projeto-agencia-viagem-campinas-design-interiores-ambiente-comercial-12-684x513.jpg 684w, https://arquitetocaio.com/wpcp/wp-content/uploads/2017/03/fotos-projeto-agencia-viagem-campinas-design-interiores-ambiente-comercial-12-768x576.jpg 768w, https://arquitetocaio.com/wpcp/wp-content/uploads/2017/03/fotos-projeto-agencia-viagem-campinas-design-interiores-ambiente-comercial-12-370x277.jpg 370w, https://arquitetocaio.com/wpcp/wp-content/uploads/2017/03/fotos-projeto-agencia-viagem-campinas-design-interiores-ambiente-comercial-12-160x120.jpg 160w, https://arquitetocaio.com/wpcp/wp-content/uploads/2017/03/fotos-projeto-agencia-viagem-campinas-design-interiores-ambiente-comercial-12-733x550.jpg 733w, https://arquitetocaio.com/wpcp/wp-content/uploads/2017/03/fotos-projeto-agencia-viagem-campinas-design-interiores-ambiente-comercial-12.jpg 960w" sizes="(max-width: 684px) 100vw, 684px" /></a></pre>
<p>fotos projeto agencia viagem campinas design interiores ambiente comercialCalculo Luminotécnico para Ambientes Comerciais e Industriais.</p>
<p>Projeto Luminotécnico para Academia em Campinas.</p>
<p>Projetos de Iluminação para destacar o seu negócio.</p>
<p>Um bom projeto de iluminação proporciona conforto e bem estar para os usuários do seu comercio, academia, e tudo mais.</p>
<p>Consulte nosso portfólio de projetos e conheça um pouco mais do nosso trabalho para entender como podemos lhe ajudar.</p>

<p>Projeto de Iluminação Residencial e Comercial Projeto Luminotécnico Projeto de Iluminação Residencial e Comercial Luminotécnica residencial campinas limeira, conheça mais de 1000 projetos de iluminação Economizar com iluminação, Projeto de iluminação Residencial e Comercial decorativa, iluminação funcional, iluminação LED fotos projeto agencia viagem campinas design interiores ambiente comercialCalculo Luminotécnico para Ambientes Comerciais e Industriais. Projeto Luminotécnico para Academia em Campinas. Projetos&#8230;</p>
