{"id":78,"date":"2016-07-30T09:21:16","date_gmt":"2016-07-30T12:21:16","guid":{"rendered":"http:\/\/arquitetocaio.com\/wpcp\/?page_id=78"},"modified":"2020-04-27T07:58:43","modified_gmt":"2020-04-27T10:58:43","slug":"projetos-de-arquitetura-residencial-campinas-plantas-de-casas-em-limeira","status":"publish","type":"page","link":"http:\/\/arquitetocaio.com\/wpcp\/projetos-de-arquitetura-residencial-campinas-plantas-de-casas-em-limeira\/","title":{"rendered":"Arquitetura Residencial"},"content":{"rendered":"<h1>Arquitetura Residencial<\/h1>\n<h2>Projetos de Arquitetura Residencial Campinas Plantas de Casas em Limeira<\/h2>\n<p>Projetos de Arquitetura Residencial Campinas Plantas de Casas em Limeira e Projetos de&nbsp;Arquitetura Residencial em Campinas e Plantas de Casas em Limeira,<\/p>\n<p>arquitetos Campinas, Arquitetos Limeira, Arquitetos Piracicaba, Arquitetos Paul\u00ednia, Arquitetos Hortol\u00e2ndia, Arquitetos Valinhos, Arquitetos Vinhedo<\/p>\n<div id=\"attachment_3201\" style=\"width: 694px\" class=\"wp-caption alignnone\"><a class=\"Projetos de Arquitetura Residencial Campinas Plantas de Casas em Limeira\" href=\"http:\/\/www.arquitetocaio.com.br\" target=\"_blank\" rel=\"projetos de arquitetura residencial campinas plantas casas em limeira noopener noreferrer\"><img loading=\"lazy\" decoding=\"async\" aria-describedby=\"caption-attachment-3201\" class=\"Projetos de Arquitetura Residencial Campinas Plantas de Casas em Limeira wp-image-3201 size-medium\" title=\"Projetos de Arquitetura Residencial Campinas Plantas de Casas em Limeira\" src=\"http:\/\/arquitetocaio.com\/wpcp\/wp-content\/uploads\/2017\/04\/projeto-casa-estilo-neoclassica-mansao-luxuosa-campinas-swiss-park-5-684x513.png\" alt=\"Projetos de Arquitetura Residencial Campinas Plantas de Casas em Limeira\" width=\"684\" height=\"513\"><\/a><p id=\"caption-attachment-3201\" class=\"wp-caption-text\">Projetos de Arquitetura Residencial Campinas Plantas de Casas em Limeira<\/p><\/div>\n<p>Projetos de Arquitetura Residencial Campinas Plantas de Casas em Limeira e Americana e Piracicaba e Paul\u00ednia e Valinhos. &nbsp;Vinhedo e Itupeva.<\/p>\n<p>Projeto Casa T\u00e9rrea em Campinas e Valinhos.<\/p>\n<p>Projeto de Casa Sobrado em Campinas e Valinhos e Vinhedo e Itatiba.<\/p>\n<p>Consulte o seu or\u00e7amento para Projetos de Casas Cl\u00e1ssicas ou Projetos de Casas Modernas com nosso, exclusivo sistema de desenvolvimento de projetos.<\/p>\n<p>S\u00e3o mais de 1000 clientes satisfeitos com nossos projetos nos melhores condom\u00ednios residenciais de todo Brasil.<\/p>\n<p>Confira nosso portf\u00f3lio especialmente selecionado com os melhores projetos de casas em condom\u00ednio. Estamos prontos para atender seu desejo com o projeto e decora\u00e7\u00e3o.<\/p>\n<p>Projetos e Plantas Feitos Sob Medida.<\/p>\n<p>Conhe\u00e7a nosso <a href=\"http:\/\/www.arquitetocaio.com.br\">portf\u00f3lio Completo<\/a>&nbsp;com mais de 1000 projetos de casas em campinas e regiao.<\/p>\n<p>Atendemos em todo Brasil Atraves do whatsapp 19 981337909<\/p>\n<p>&nbsp;<\/p>\n","protected":false},"excerpt":{"rendered":"<p>Arquitetura Residencial Projetos de Arquitetura Residencial Campinas Plantas de Casas em Limeira Projetos de Arquitetura Residencial Campinas Plantas de Casas em Limeira e Projetos de&nbsp;Arquitetura Residencial em Campinas e Plantas de Casas em Limeira, arquitetos Campinas, Arquitetos Limeira, Arquitetos Piracicaba, Arquitetos Paul\u00ednia, Arquitetos Hortol\u00e2ndia, Arquitetos Valinhos, Arquitetos Vinhedo Projetos de Arquitetura Residencial Campinas Plantas de Casas em Limeira e Americana&#8230;<\/p>\n","protected":false},"author":2,"featured_media":0,"parent":0,"menu_order":1,"comment_status":"closed","ping_status":"closed","template":"templ-portfolio-two.php","meta":{"footnotes":""},"_links":{"self":[{"href":"http:\/\/arquitetocaio.com\/wpcp\/wp-json\/wp\/v2\/pages\/78"}],"collection":[{"href":"http:\/\/arquitetocaio.com\/wpcp\/wp-json\/wp\/v2\/pages"}],"about":[{"href":"http:\/\/arquitetocaio.com\/wpcp\/wp-json\/wp\/v2\/types\/page"}],"author":[{"embeddable":true,"href":"http:\/\/arquitetocaio.com\/wpcp\/wp-json\/wp\/v2\/users\/2"}],"replies":[{"embeddable":true,"href":"http:\/\/arquitetocaio.com\/wpcp\/wp-json\/wp\/v2\/comments?post=78"}],"version-history":[{"count":11,"href":"http:\/\/arquitetocaio.com\/wpcp\/wp-json\/wp\/v2\/pages\/78\/revisions"}],"predecessor-version":[{"id":6897,"href":"http:\/\/arquitetocaio.com\/wpcp\/wp-json\/wp\/v2\/pages\/78\/revisions\/6897"}],"wp:attachment":[{"href":"http:\/\/arquitetocaio.com\/wpcp\/wp-json\/wp\/v2\/media?parent=78"}],"curies":[{"name":"wp","href":"https:\/\/api.w.org\/{rel}","templated":true}]}}