{"id":4521,"date":"2018-01-22T07:34:46","date_gmt":"2018-01-22T10:34:46","guid":{"rendered":"http:\/\/arquitetocaio.com.br\/?page_id=4521"},"modified":"2018-08-21T07:16:12","modified_gmt":"2018-08-21T10:16:12","slug":"blog-com-dicas-de-arquitetura","status":"publish","type":"page","link":"http:\/\/arquitetocaio.com\/wpcp\/blog-com-dicas-de-arquitetura\/","title":{"rendered":"Dicas de Arquitetura"},"content":{"rendered":"[vc_row][vc_column][vc_column_text]Nessa Pagina voc\u00ea confere as melhores Dicas de Arquitetura, Dicas de Design de Interiores, Dicas de Ilumina\u00e7\u00e3o baseadas na experiencia em mais de 1.000 obras do Arquiteto Caio Pelisson. Conhe\u00e7a tamb\u00e9m nosso Canal no <a href=\"https:\/\/www.youtube.com\/channel\/UCmtxxoFYZuBOKKmHIc9kaWw\" target=\"_blank\" rel=\"noopener\">Youtube.<\/a><\/p>\n[\/vc_column_text][\/vc_column][\/vc_row][vc_row][vc_column][vc_basic_grid post_type=&#8221;post&#8221; max_items=&#8221;10&#8243; style=&#8221;load-more&#8221; item=&#8221;basicGrid_ScaleInWithRotation&#8221; grid_id=&#8221;vc_gid:1519485159223-c0ad2082-df3d-8&#8243;][\/vc_column][\/vc_row]\n","protected":false},"excerpt":{"rendered":"<p>[vc_row][vc_column][vc_column_text]Nessa Pagina voc\u00ea confere as melhores Dicas de Arquitetura, Dicas de Design de Interiores, Dicas de Ilumina\u00e7\u00e3o baseadas na experiencia em mais de 1.000 obras do Arquiteto Caio Pelisson. Conhe\u00e7a tamb\u00e9m nosso Canal no Youtube. [\/vc_column_text][\/vc_column][\/vc_row][vc_row][vc_column][vc_basic_grid post_type=&#8221;post&#8221; max_items=&#8221;10&#8243; style=&#8221;load-more&#8221; item=&#8221;basicGrid_ScaleInWithRotation&#8221; grid_id=&#8221;vc_gid:1519485159223-c0ad2082-df3d-8&#8243;][\/vc_column][\/vc_row]<\/p>\n","protected":false},"author":2,"featured_media":0,"parent":0,"menu_order":0,"comment_status":"closed","ping_status":"closed","template":"templ-blog-one.php","meta":{"footnotes":""},"_links":{"self":[{"href":"http:\/\/arquitetocaio.com\/wpcp\/wp-json\/wp\/v2\/pages\/4521"}],"collection":[{"href":"http:\/\/arquitetocaio.com\/wpcp\/wp-json\/wp\/v2\/pages"}],"about":[{"href":"http:\/\/arquitetocaio.com\/wpcp\/wp-json\/wp\/v2\/types\/page"}],"author":[{"embeddable":true,"href":"http:\/\/arquitetocaio.com\/wpcp\/wp-json\/wp\/v2\/users\/2"}],"replies":[{"embeddable":true,"href":"http:\/\/arquitetocaio.com\/wpcp\/wp-json\/wp\/v2\/comments?post=4521"}],"version-history":[{"count":18,"href":"http:\/\/arquitetocaio.com\/wpcp\/wp-json\/wp\/v2\/pages\/4521\/revisions"}],"predecessor-version":[{"id":4524,"href":"http:\/\/arquitetocaio.com\/wpcp\/wp-json\/wp\/v2\/pages\/4521\/revisions\/4524"}],"wp:attachment":[{"href":"http:\/\/arquitetocaio.com\/wpcp\/wp-json\/wp\/v2\/media?parent=4521"}],"curies":[{"name":"wp","href":"https:\/\/api.w.org\/{rel}","templated":true}]}}