{"id":126,"date":"2016-08-02T22:06:16","date_gmt":"2016-08-03T01:06:16","guid":{"rendered":"http:\/\/arquitetocaio.com\/wpcp\/?page_id=126"},"modified":"2016-12-11T17:47:29","modified_gmt":"2016-12-11T20:47:29","slug":"consultoria-arquitetura-online","status":"publish","type":"page","link":"http:\/\/arquitetocaio.com\/wpcp\/consultoria-arquitetura-online\/","title":{"rendered":"Consultoria Arquitetura Online"},"content":{"rendered":"<p>Conhe\u00e7a tamb\u00e9m nosso servi\u00e7o de Consultoria de Arquitetura online \u00a0google-site-verification: google02a4144e1ce76c04.html<\/p>\n","protected":false},"excerpt":{"rendered":"<p>Conhe\u00e7a tamb\u00e9m nosso servi\u00e7o de Consultoria de Arquitetura online \u00a0google-site-verification: google02a4144e1ce76c04.html<\/p>\n","protected":false},"author":2,"featured_media":0,"parent":0,"menu_order":1,"comment_status":"closed","ping_status":"closed","template":"templ-service.php","meta":{"footnotes":""},"_links":{"self":[{"href":"http:\/\/arquitetocaio.com\/wpcp\/wp-json\/wp\/v2\/pages\/126"}],"collection":[{"href":"http:\/\/arquitetocaio.com\/wpcp\/wp-json\/wp\/v2\/pages"}],"about":[{"href":"http:\/\/arquitetocaio.com\/wpcp\/wp-json\/wp\/v2\/types\/page"}],"author":[{"embeddable":true,"href":"http:\/\/arquitetocaio.com\/wpcp\/wp-json\/wp\/v2\/users\/2"}],"replies":[{"embeddable":true,"href":"http:\/\/arquitetocaio.com\/wpcp\/wp-json\/wp\/v2\/comments?post=126"}],"version-history":[{"count":2,"href":"http:\/\/arquitetocaio.com\/wpcp\/wp-json\/wp\/v2\/pages\/126\/revisions"}],"predecessor-version":[{"id":2487,"href":"http:\/\/arquitetocaio.com\/wpcp\/wp-json\/wp\/v2\/pages\/126\/revisions\/2487"}],"wp:attachment":[{"href":"http:\/\/arquitetocaio.com\/wpcp\/wp-json\/wp\/v2\/media?parent=126"}],"curies":[{"name":"wp","href":"https:\/\/api.w.org\/{rel}","templated":true}]}}